833 is divided by 7947.
45
Calculate the remainder when 25516 is divided by 417.
79
What is the remainder when 89999 is divided by 9998?
17
What is the remainder when 20382 is divided by 20361?
21
Calculate the remainder when 881 is divided by 880.
1
Calculate the remainder when 578 is divided by 528.
50
What is the remainder when 2390470 is divided by 1116?
1114
Calculate the remainder when 4205355 is divided by 162.
159
Calculate the remainder when 34765 is divided by 122.
117
What is the remainder when 290068 is divided by 96689?
1
Calculate the remainder when 6453 is divided by 4.
1
What is the remainder when 1198 is divided by 283?
66
What is the remainder when 2328 is divided by 654?
366
Calculate the remainder when 2131 is divided by 183.
118
What is the remainder when 96968 is divided by 183?
161
What is the remainder when 223035 is divided by 44?
43
What is the remainder when 173644 is divided by 287?
9
Calculate the remainder when 138534 is divided by 7.
4
Calculate the remainder when 727 is divided by 211.
94
What is the remainder when 5933 is divided by 37?
13
What is the remainder when 55775 is divided by 14?
13
Calculate the remainder when 732 is divided by 379.
353
What is the remainder when 55235 is divided by 18227?
554
Calculate the remainder when 595989 is divided by 12.
9
Calculate the remainder when 16695 is divided by 63.
0
Calculate the remainder when 24198 is divided by 545.
218
What is the remainder when 14489 is divided by 353?
16
Calculate the remainder when 3502 is divided by 972.
586
Calculate the remainder when 7073 is divided by 1395.
98
What is the remainder when 7814 is divided by 7090?
724
Calculate the remainder when 49055 is divided by 408.
95
Calculate the remainder when 414074 is divided by 87.
41
Calculate the remainder when 567949 is divided by 112.
109
Calculate the remainder when 68396 is divided by 285.
281
Calculate the remainder when 9357 is divided by 9346.
11
What is the remainder when 35568 is divided by 3947?
45
What is the remainder when 11580 is divided by 682?
668
What is the remainder when 19483 is divided by 610?
573
What is the remainder when 12901 is divided by 13?
5
Calculate the remainder when 2345 is divided by 265.
225
Calculate the remainder when 118030 is divided by 23.
17
Calculate the remainder when 8708 is divided by 8.
4
What is the remainder when 28263 is divided by 66?
15
Calculate the remainder when 226766 is divided by 56689.
10
Calculate the remainder when 12306 is divided by 61.
45
What is the remainder when 2688 is divided by 24?
0
Calculate the remainder when 328061 is divided by 27.
11
Calculate the remainder when 3271 is divided by 427.
282
Calculate the remainder when 22440 is divided by 3739.
6
What is the remainder when 23665 is divided by 16?
1
What is the remainder when 935 is divided by 604?
331
Calculate the remainder when 14255 is divided by 216.
215
What is the remainder when 11175 is divided by 34?
23
What is the remainder when 9665 is divided by 1191?
137
Calculate the remainder when 3032 is divided by 217.
211
Calculate the remainder when 165736 is divided by 69.
67
What is the remainder when 10966 is divided by 2740?
6
What is the remainder when 1048 is divided by 149?
5
Calculate the remainder when 90570 is divided by 1927.
1
Calculate the remainder when 5171 is divided by 75.
71
What is the remainder when 96605 is divided by 1040?
925
Calculate the remainder when 54 is divided by 31.
23
Calculate the remainder when 8890 is divided by 13.
11
What is the remainder when 4621 is divided by 710?
361
What is the remainder when 7494 is divided by 6401?
1093
What is the remainder when 4585 is divided by 214?
91
Calculate the remainder when 204853 is divided by 241.
3
Calculate the remainder when 31911 is divided by 168.
159
Calculate the remainder when 324374 is divided by 980.
974
What is the remainder when 1189 is divided by 677?
512
What is the remainder when 2095 is divided by 338?
67
What is the remainder when 9561 is divided by 1189?
49
What is the remainder when 401399 is divided by 450?
449
Calculate the remainder when 2048 is divided by 242.
112
Calculate the remainder when 1954 is divided by 805.
344
What is the remainder when 1247 is divided by 103?
11
Calculate the remainder when 19981 is divided by 92.
17
Calculate the remainder when 139380 is divided by 463.
17
Calculate the remainder when 3125455 is divided by 61.
59
What is the remainder when 29502 is divided by 62?
52
Calculate the remainder when 504 is divided by 92.
44
What is the remainder when 13504 is divided by 22?
18
What is the remainder when 16145 is divided by 28?
17
Calculate the remainder when 42782 is divided by 787.
284
What is the remainder when 373835 is divided by 16?
11
What is the remainder when 21779 is divided by 196?
23
What is the remainder when 14109 is divided by 49?
46
Calculate the remainder when 813 is divided by 31.
7
What is the remainder when 98409 is divided by 478?
419
Calculate the remainder when 91143 is divided by 91069.
74
What is the remainder when 9377 is divided by 4619?
139
What is the remainder when 645 is divided by 632?
13
What is the remainder when 8375 is divided by 206?
135
What is the remainder when 12507 is divided by 4162?
21
What is the remainder when 59110 is divided by 738?
70
What is the remainder when 10463 is divided by 43?
14
Calculate the remainder when 4665 is divided by 29.
25
Calculate the remainder when 6782 is divided by 1659.
146
What is the remainder when 2754 is divided by 2686?
68
What is the remainder when 7486 is divided by 424?
278
Calculate the remainder when 152285 is divided by 147.
140
Calculate the remainder when 81470 is divided by 379.
364
Calculate the remainder when 111018 is divided by 70.
68
Calculate the remainder when 336394 is divided by 25.
19
What is the remainder when 3819904 is divided by 18?
16
What is the remainder when 1773 is divided by 580?
33
What is the remainder when 490907 is divided by 44627?
10
What is the remainder when 24965 is divided by 2267?
28
What is the remainder when 26804 is divided by 6701?
0
What is the remainder when 352522 is divided by 176247?
28
Calculate the remainder when 136 is divided by 23.
21
What is the remainder when 251769 is divided by 75?
69
Calculate the remainder when 50585 is divided by 3889.
28
What is the remainder when 20040 is divided by 4881?
516
Calculate the remainder when 65219 is divided by 32519.
181
What is the remainder when 613669 is divided by 331?
326
Calculate the remainder when 59036 is divided by 80.
76
What is the remainder when 9522 is divided by 1190?
2
What is the remainder when 2900 is divided by 187?
95
What is the remainder when 41794 is divided by 152?
146
Calculate the remainder when 47143 is divided by 842.
833
What is the remainder when 15685 is divided by 1045?
10
Calculate the remainder when 13174 is divided by 1879.
21
What is the remainder when 3131 is divided by 644?
555
Calculate the remainder when 165745 is divided by 76.
65
What is the remainder when 41371 is divided by 32?
27
Calculate the remainder when 30635 is divided by 3.
2
What is the remainder when 15959 is divided by 30?
29
What is the remainder when 85217 is divided by 4485?
2
Calculate the remainder when 55577 is divided by 5048.
49
Calculate the remainder when 30647 is divided by 84.
71
What is the remainder when 35522 is divided by 91?
32
Calculate the remainder when 60335 is divided by 1183.
2
Calculate the remainder when 261875 is divided by 47.
38
What is the remainder when 1497 is divided by 43?
35
Calculate the remainder when 24163 is divided by 636.
631
Calculate the remainder when 225294 is divided by 2560.
14
What is the remainder when 2676 is divided by 712?
540
Calculate the remainder when 220351 is divided by 1682.
9
What is the remainder when 239955 is divided by 10?
5
What is the remainder when 866 is divided by 385?
96
What is the remainder when 660667 is divided by 333?
328
Calculate the remainder when 51792 is divided by 151.
150
Calculate the remainder when 4078 is divided by 512.
494
What is the remainder when 51975 is divided by 82?
69
Calculate the remainder when 15001 is divided by 41.
36
What is the remainder when 55470 is divided by 940?
10
C